 15881 = -1529. Calculate the highest common divisor of p and x.
23
Suppose 20*o - 14717 = 2203. Calculate the highest common divisor of 47 and o.
47
Let w be -5*4*44/40. Let t = w - -18. Let v be (-12)/t - (-53 - -1). Calculate the greatest common factor of v and 5.
5
Suppose 5*o + 3*c = 1012, -69*o + 580 = -66*o - 5*c. Calculate the highest common factor of 80 and o.
40
Suppose r = u - 5, -2*u = -2*r - 5*u + 15. Suppose 2*n + 0*n - 4 = r. Suppose 19 = n*m - 5. What is the highest common factor of 8 and m?
4
Suppose 0 = 2*d + k - 387 - 654, 2*d - 1047 = k. What is the greatest common factor of 18 and d?
18
Let w = 58 + -42. Let r = w - 4. Suppose 5*t + 15 = 165. Calculate the greatest common factor of r and t.
6
Suppose 4*p - 4*o - 116 = 0, 4*p - 7*o = -11*o + 140. Let x = 56 + -32. What is the highest common divisor of p and x?
8
Let g(r) = 3*r**2 + 7*r + 9. Suppose 2*m = 3*m + 3*w, -2*w = 2*m - 12. Let z be g(m). What is the highest common factor of z and 45?
45
Let n(s) = s**2 - 23*s + 37. Let t(y) = -y**2 + 23*y - 37. Let l(k) = 4*n(k) + 5*t(k). Let h be l(21). What is the greatest common factor of 65 and h?
5
Suppose 4*p + 0 + 12 = 0. Let f be (-321)/(-18) + p/(-18). Suppose -h + 13 = -f. Calculate the greatest common factor of 31 and h.
31
Suppose -26*v + 337 + 287 = 0. What is the highest common factor of v and 696?
24
Let z = 55 + -28. Suppose 8*q + 906 = 2850. Calculate the greatest common factor of z and q.
27
Suppose 0*s = -2*s + 10. Suppose 12 + 2 = 2*k + 4*i, -2*k = -s*i - 50. Let q = 20 - k. Calculate the highest common divisor of q and 2.
1
Suppose -2*v - 5*f - 8 = v, 0 = 3*v - 3*f + 24. Let j be (-39)/v + 2/(-4). Let d be 75/(-2)*(-8)/j. Calculate the highest common divisor of 20 and d.
10
Let c = 20 + -17. Suppose c*m - 10 = m. Calculate the highest common divisor of 10 and m.
5
Suppose -2*j - 2*t = -328, t + 225 + 275 = 3*j. Suppose 5*c + y = j, -2*c + 18 = -c + 4*y. What is the greatest common divisor of c and 17?
17
Let p be 186025/200 + -3 + 46/16. Calculate the greatest common factor of 6 and p.
6
Let k(i) be the third derivative of 46*i**5/15 - i**4/24 - i**3/6 + 17*i**2. Let q be k(1). Calculate the greatest common factor of q and 14.
14
Suppose 24 = 2*c - 4*h, h - 22 = -39*c + 36*c. What is the highest common divisor of 7 and c?
1
Let x = 324 + -214. Calculate the greatest common divisor of x and 88.
22
Let v(t) = t + 17. Let y be v(-5). Suppose x - 11 = 3*o + o, -4*o + y = 0. What is the greatest common divisor of 23 and x?
23
Let a(s) = s**2 + 4*s - 8. Let k be a(-6). Suppose -4*c + 33 + 27 = -k*f, 4*f = 0. What is the highest common divisor of 60 and c?
15
Suppose m + o = 0, -5*o - 32 + 8 = -m. Suppose -4*v = 3*a + 6, 5*v = -4*a + 6*a + m. Suppose v*i - 3*i = -42. What is the greatest common divisor of 140 and i?
14
Let o = 376 - 250. Suppose -o = u - 2*u. What is the greatest common divisor of u and 14?
14
Suppose 8*a + a = 621. Suppose 9*f - 4*f + 3*h - a = 0, -2*f - 4*h + 22 = 0. What is the highest common divisor of 6 and f?
3
Let x = -36 - -72. Let d be (-48)/x*(-3)/2. Suppose -p = -5, y - 5 = -2*y + d*p. Calculate the greatest common divisor of 2 and y.
1
Suppose -2*k = 2*k - 20. Let y(o) = 0*o**2 - o + o**2 - 1 - 1 - 5. Let r be y(k). Calculate the greatest common divisor of 104 and r.
13
Suppose -g + 0*g = -5. Let b(q) = q**3 - 3*q**2 - 4*q - 5. Let p be b(g). What is the greatest common factor of 5 and p?
5
Let t = 212 + -200. Calculate the highest common factor of 12 and t.
12
Let u(d) = -d**3 + 3*d**3 + 8*d - 7*d**2 + 0*d - d**3 - 2. Let a be u(6). Suppose m = 4 + a. Calculate the highest common divisor of 112 and m.
14
Let g(i) = -i**3 + 7*i**2 - 8*i + 5. Let z be g(6). Let f = 8 + z. Let v = 8 + -7. What is the highest common divisor of v and f?
1
Let x(j) = -j - 50. Let m be x(0). Let f = -29 - m. Suppose 19*o - 18*o - 4*a - 129 = 0, 204 = 2*o + a. What is the greatest common factor of o and f?
21
Let s(p) = -p**2 - 23*p - 76. Let u be s(-16). Calculate the greatest common divisor of 9 and u.
9
Suppose 4*q + 108 = 5*q. What is the greatest common divisor of 4 and q?
4
Let o = 4 + 5. Let g(c) = -1 - 4 - 6*c**3 + 10*c + 7*c**3 + 12*c**2. Let t be g(-11). Calculate the highest common factor of t and o.
3
Suppose 0 = 8*v - 4*v - 432. Suppose 3*g - 36 = -4*r, -36 + 12 = -2*g - 4*r. What is the greatest common divisor of v and g?
12
Suppose 2*v - 24 = -0*v. Suppose 2 = 2*o + 4*j, 0 = -0*o - 2*o + j + v. Suppose 52*p = 72*p - 200. What is the greatest common divisor of p and o?
5
Let o(l) = l**2 + 2*l + 4. Let a be o(-3). Let p = 510 + -461. Calculate the greatest common factor of p and a.
7
Let v(u) = -11*u - 3. Let p be v(-3). Let g = p + 10. Let h = -17 - -25. Calculate the greatest common divisor of g and h.
8
Let u = -10 + -2. Let v be (-2)/(-8) + (-165)/u. Let a = -1 + v. What is the highest common divisor of a and 26?
13
Let c be 81*2/24*(2 + 2). Calculate the greatest common factor of 45 and c.
9
Let g(i) = 4*i - 11. Let q be g(4). Suppose -c - 89 = 2*d - q*d, -4 = -4*c. Calculate the highest common divisor of d and 18.
6
Let k(n) = -1208*n - 23. Let u be k(-1). Calculate the highest common divisor of u and 30.
15
Suppose 7*o = 3*o + 280. Let f(y) = -3*y + 33. Let z be f(14). Let m = z + 19. Calculate the greatest common factor of o and m.
10
Suppose -z = 4*j - 99, 2*j - 54 = -0*z - 2*z. Let g be 86/7 - j/84. What is the highest common divisor of g and 18?
6
Let x be 24/11 - (-26)/(-143). Suppose -6*r - x*r + 512 = 0. Calculate the highest common factor of 16 and r.
16
Let h(z) = -16*z - 63. Let f(p) = 8*p + 31. Let s(u) = 13*f(u) + 6*h(u). Let b be s(5). What is the greatest common divisor of b and 13?
13
Suppose 0 = -3*q - q - 4*z + 80, -5*q - 2*z = -112. What is the highest common divisor of q and 66?
6
Let a be 0/(-7) - (0 + 54). Let p be (-4)/(-24) + 3/(a/(-267)). What is the greatest common divisor of 120 and p?
15
Let p be ((-336)/40)/((-2)/10). Suppose -3*m - 3*h + 0*h = -15, -2*m + 3*h + 15 = 0. Calculate the greatest common divisor of m and p.
6
Let s = -54 + 68. Calculate the greatest common factor of 98 and s.
14
Let d be (-20)/(0 + -3 - 76/(-28)). Suppose 2*v + 3*v = -5*w + d, v + 2*w - 18 = 0. Calculate the greatest common factor of v and 110.
10
Let t(b) = -100*b + 2. Let c(g) = -101*g + 3. Let n(w) = -5*c(w) + 6*t(w). Let m be n(-2). What is the highest common divisor of m and 17?
17
Let t(d) = -d**2 + 15*d + 7. Suppose 2*p = 2*a + 20, -4*p - a = -0*a - 40. Let m be t(p). Calculate the greatest common factor of 38 and m.
19
Let c = -270 - -294. What is the highest common divisor of c and 88?
8
Let p = 39 + 60. Let j(s) = -s**3 - s + 1. Suppose 2*f = 4*f + 4. Let m be j(f). Calculate the greatest common factor of p and m.
11
Suppose -5*k + 9*k + 16 = 0. Let o(c) = -c**3 - 4*c**2 + 5. Let g be o(k). What is the greatest common factor of g and 25?
5
Let g = 85 + -78. Suppose -g + 82 = 2*s + m, 0 = -m - 5. Calculate the highest common divisor of 440 and s.
40
Suppose -276 = -122*q + 116*q. Calculate the greatest common factor of 943 and q.
23
Let i = -503 + 569. What is the highest common factor of i and 132?
66
Suppose -21*a - 150 = -36*a. What is the highest common divisor of 160 and a?
10
Let a be 12/8*64/12. Calculate the greatest common factor of a and 10.
2
Let w(g) be the third derivative of -g**6/120 - g**5/30 + g**4/8 + g**3/6 - 2*g**2. Let k be w(-4). Calculate the highest common factor of 14 and k.
7
Let g(b) = b - 1. Let s be g(4). Suppose o - s = -1. Let d(j) = 2*j**3 - 1. Let w be d(o). Calculate the greatest common divisor of w and 3.
3
Let t = 808 + -424. What is the highest common divisor of 18 and t?
6
Let z = -488 - -735. What is the highest common factor of 13 and z?
13
Let s = -7 - -9. Suppose 2*z - 1 = 3, 0 = s*k + 5*z - 22. What is the greatest common factor of 3 and k?
3
Let k = -126 + 136. Let c be 228/k*85/34. What is the greatest common factor of c and 38?
19
Let n = -11 - -15. Suppose -28 = 2*m - n*m. Let y be (6/(-3))/((-2)/28). Calculate the greatest common factor of m and y.
14
Suppose 4800 = 8*k + 4680. What is the highest common divisor of 1335 and k?
15
Let a = 3 + -3. Suppose a = -3*d - 43 + 148. Calculate the greatest common factor of 14 and d.
7
S